{"version":"1.0","provider_name":"Musei d\u2019Arte del Mendrisiotto","provider_url":"https:\/\/museidartemendrisiotto.ch\/de\/","title":"- Musei d\u2019Arte del Mendrisiotto","type":"rich","width":600,"height":338,"html":"<blockquote class=\"wp-embedded-content\" data-secret=\"9fqItqWQFi\"><a href=\"https:\/\/museidartemendrisiotto.ch\/de\/andre-derain-unkonventionell-experimentator\/\">Andre\u0301 Derain.<br>Unkonventionell Experimentator<\/a><\/blockquote><iframe sandbox=\"allow-scripts\" security=\"restricted\" src=\"https:\/\/museidartemendrisiotto.ch\/de\/andre-derain-unkonventionell-experimentator\/embed\/#?secret=9fqItqWQFi\" width=\"600\" height=\"338\" title=\"&#8222;Andre\u0301 Derain.&lt;br&gt;Unkonventionell Experimentator&#8220; &#8211; Musei d\u2019Arte del Mendrisiotto\" data-secret=\"9fqItqWQFi\" frameborder=\"0\" marginwidth=\"0\" marginheight=\"0\" scrolling=\"no\" class=\"wp-embedded-content\"><\/iframe><script type=\"text\/javascript\">\n\/* <![CDATA[ *\/\n\/*! This file is auto-generated *\/\n!function(d,l){\"use strict\";l.querySelector&&d.addEventListener&&\"undefined\"!=typeof URL&&(d.wp=d.wp||{},d.wp.receiveEmbedMessage||(d.wp.receiveEmbedMessage=function(e){var t=e.data;if((t||t.secret||t.message||t.value)&&!\/[^a-zA-Z0-9]\/.test(t.secret)){for(var s,r,n,a=l.querySelectorAll('iframe[data-secret=\"'+t.secret+'\"]'),o=l.querySelectorAll('blockquote[data-secret=\"'+t.secret+'\"]'),c=new RegExp(\"^https?:$\",\"i\"),i=0;i<o.length;i++)o[i].style.display=\"none\";for(i=0;i<a.length;i++)s=a[i],e.source===s.contentWindow&&(s.removeAttribute(\"style\"),\"height\"===t.message?(1e3<(r=parseInt(t.value,10))?r=1e3:~~r<200&&(r=200),s.height=r):\"link\"===t.message&&(r=new URL(s.getAttribute(\"src\")),n=new URL(t.value),c.test(n.protocol))&&n.host===r.host&&l.activeElement===s&&(d.top.location.href=t.value))}},d.addEventListener(\"message\",d.wp.receiveEmbedMessage,!1),l.addEventListener(\"DOMContentLoaded\",function(){for(var e,t,s=l.querySelectorAll(\"iframe.wp-embedded-content\"),r=0;r<s.length;r++)(t=(e=s[r]).getAttribute(\"data-secret\"))||(t=Math.random().toString(36).substring(2,12),e.src+=\"#?secret=\"+t,e.setAttribute(\"data-secret\",t)),e.contentWindow.postMessage({message:\"ready\",secret:t},\"*\")},!1)))}(window,document);\n\/\/# sourceURL=https:\/\/museidartemendrisiotto.ch\/wp-includes\/js\/wp-embed.min.js\n\/* ]]> *\/\n<\/script>\n","thumbnail_url":"https:\/\/museidartemendrisiotto.ch\/wp-content\/uploads\/2020\/06\/derain.jpg","thumbnail_width":900,"thumbnail_height":415,"description":"27.09.2020 \u2013 31.01.2021 Das Museo d\u2019arte Mendrisio hat beschlossen, im Rahmen seiner den grossen Meistern der Moderne gewidmeten Ausstellungst\u00e4tigkeit, eine grosse Retrospektive f\u00fcr Andr\u00e9 Derain zu organisieren. Ziel ist es, alle wesentlichen Aspekte seiner Suche zu erkunden und vor allem die besonderen Merkmale seines komplexen und vielseitigen Schaffens zwischen den beiden Kriegen und bis zu ... Weiterlesen"}

27.09.2020 – 31.01.2021 Das Museo d’arte Mendrisio hat beschlossen, im Rahmen seiner den grossen Meistern der Moderne gewidmeten Ausstellungstätigkeit, eine grosse Retrospektive für André Derain zu organisieren. Ziel ist es, alle wesentlichen Aspekte seiner Suche zu erkunden und vor allem die besonderen Merkmale seines komplexen und vielseitigen Schaffens zwischen den beiden Kriegen und bis zu ... Weiterlesen
